
Calculate 116 - ((53 - 58) + 65).
56
What is -81 - -2 - (-1641 - -1569)?
-7
What is (53 + -20 - 20) + -24 + -1 - 21?
-33
Evaluate 18 - 7 - (64 - (-9 + 34)).
-28
Evaluate 9 - (-4 - (3 + 0) - (0 + 32 + 62)).
110
Evaluate 2 + 14 + (15 - 11) + -44.
-24
Calculate 72 + (283 - 298 - (-4 + (1 - -3) + -4)).
61
What is the value of 2 + -5 + (70 - 24) + -46?
-3
Evaluate (-1 - (-1 - -10)) + -1 - (-22357 - -22417).
-71
22 + -35 + (2 - 0 - (18 - -3))
-32
Calculate 20 + (35 - (7 + 10)) + 22.
60
What is (1 - -4 - 7) + -55 + 87 - -9?
39
Calculate 54 - (9 - (-9 + (15 - 7) + 0)).
44
What is (1 - 10) + (83 - (137 - 71))?
8
Evaluate 68 + (-19 + 15 + 10 - (32 + -18)).
60
Evaluate 2 - ((41 - 36) + (7 - -10)).
-20
What is the value of (-5 - (0 - 21)) + 38 + (13 - -4)?
71
Calculate -16923 + 16965 - (-1 + 24).
19
Evaluate 93 - (-61 + 129) - -74.
99
What is (89 - 1) + (-228 - -221 - (-15 + -1 + 8))?
89
Calculate (37 + -55 - -112) + -42.
52
Evaluate 13 + (9 - -11 - 15 - 20).
-2
What is -31 + (-10 - -3 - (74 + -39))?
-73
Calculate 1 + -15 + -3 - (39 - 83 - 61).
88
Calculate -62 + 10 + (5 + -31 + 3 - -3) + 19.
-53
Evaluate (42 - 2) + (-100 + 70 - (6 - (5 - -17))).
26
What is the value of 20 - (64 - (-11 + -1 + 20 - 10))?
-46
What is -13 - (-2 - 16) - (-8 + -7) - -16?
36
(8 + -4 - -32 - 30) + -6
0
Calculate (3 + (18 - 14) - 9 - -1) + 67.
66
Calculate 549 + -529 + (-14 - -7) + (0 - 11).
2
What is -8 - (33 + 146 - 168 - (0 + 0 - -16))?
-3
Calculate (1 - (0 + -60)) + -209 + 177 + 24.
53
What is the value of -11 + (15 - (19 + 5 + -13) - 48)?
-55
6 - ((-40 - 1 - -107) + 8 + -1)
-67
20 + -1 + (-1203 - -1184) - -26
26
Calculate 106 + (142 - 436) + 53.
-135
-2220 + 2210 + 7 + 0 + -1 + -1
-5
-43137 - -43123 - (-137 - (0 + -2 + (2 - 2)))
121
What is the value of (6 - (-17 + (-8 - 2))) + 10?
43
What is the value of (-1 - 26 - (37 + 38 - 83)) + 101?
82
(86 - 167 - -61) + (8 - 1)
-13
What is -1 + -25 + 28 + 17?
19
Evaluate 138 - 153 - ((2 - -3) + 6).
-26
What is 45 + -58 + 3 + -3 + -6 + 11 + -5?
-13
(-53 - -80 - 33) + (48 - (0 - -2))
40
What is -1061 + 1020 + 41 + -1 - (0 - -3 - 63)?
59
What is (71 - 16) + 4 + (-3 - -1) - (-26 - -33)?
50
Calculate -35 + -2 - -25 - (4 - (-2 + 20)) - -110.
112
Evaluate 2 + 95 + -2 + 55 + -61.
89
What is the value of (1 - 0) + (120 - (14 - 9 - (-46 - -27)))?
97
(-71 - -89 - 5) + (46 + (-1 - -5) - 3)
60
What is the value of (7 - -4) + (25 - -4) + 44 + -26?
58
What is 0 - 75 - (-48 - (-67 + 41))?
-53
Calculate 2 - ((-29 - 5 - 4) + 0 - -8 - 10).
42
What is (-7 - 27) + 334 + -277?
23
-15 + (-7 - -56 - 19) - 38
-23
-14 - (41 - (19 - -17)) - 37
-56
What is the value of 63 - ((54 - 42) + 95)?
-44
What is 8 + 72 + 30 - 126?
-16
Evaluate 215 - (-28 - -233) - (-1 + 1 + -9).
19
Evaluate -29 + 26 + 19 + 28.
44
Evaluate -54 + 48 - 21 - -44.
17
What is the value of -95 + 69 + 104 + -88?
-10
Evaluate 10 - 14 - (-80 + 80).
-4
What is the value of -81 + -15 + (11 - (-9 - -9))?
-85
Evaluate (-24 - ((-12 - -19) + -20)) + -3.
-14
-12 - (-1 - -18 - (745 - 713))
3
What is -133 + 26 - -60 - -175?
128
What is the value of (56 - 86) + (1 + -6 - -1) + -6?
-40
What is -50 - (-34 - (28 + 6))?
18
(11 - 41) + -2 - 17
-49
Evaluate 80 + (18 - (26 + -2 + 0)).
74
(10 - -12) + -2 - (85 + -73)
8
Evaluate -13 - (-7 + -4) - (1 + (-78 - -25)).
50
Calculate -10 + -128 + (-90 - -259).
31
What is 32 + -67 + 54 - 16?
3
Evaluate (-1 - -41) + (5096 - 5204).
-68
What is (3 - 18) + 17 - ((15 - 10) + 1 + -16)?
12
What is (8 + 89 - 75) + 0 + -8 + 66?
80
What is the value of -1 - -11 - (47 - (-51 - -82))?
-6
Evaluate 155 - 165 - (-8 + (-2 - (-2 - -4))).
2
What is 83 - -6 - (218 - 86)?
-43
(-58 - -52) + (1 - 1 - (16 - (102 + 8)))
88
Calculate (-37 - (-87 - -56)) + (5 - 0 - 0).
-1
What is the value of -132 + -134 + 95 + 117?
-54
Calculate (0 - (0 + -43)) + (44 + (-101 - -9) - -42).
37
What is the value of (99 - 99) + 67 - (2 - (13 + 2))?
80
What is the value of 33 - 22 - (66 - ((-3 - 1) + 7))?
-52
What is the value of -8 - (0 + 9 + (-278 - -299) + -3 + -1)?
-34
Evaluate (4 - 14) + -44 + (57 - 48).
-45
7581 - 7830 - (-135 - 3)
-111
Calculate (21 + 5 - 51) + -16 + -12.
-53
What is the value of 25 + (-95 - -222 - (33 + -3))?
122
What is 185 - (-1 + -63 - -136)?
113
Evaluate -2 - -9 - (5 - (50 - 4 - (-15 - -4))).
59
What is 44 + (-26 + 1 - -15 - (1 - 13))?
46
4 + -6 + -10 + -6 + 8
-10
What is 2 - 32 - (1590 - 1566)?
-54
Calculate -18 - (-85 + 2 + 39).
26
Evaluate 1 + -36 + (0 - -2) - (-73 - (-358 + 289)).
-29
Evaluate (1 - (-13 + -29)) + 0 - 173.
-130
What is the value of 44 - (-28 - (-74 - -30 - -72))?
100
Calculate 20 + -13 + (9 + -1 - (126 + -109)).
-2
What is 91 - (-22 + 33 - -36)?
44
Evaluate -18 - (-30 + 67) - 55.
-110
Evaluate 0 - -52 - (17 + 7 + (-27 - -2) + 5).
48
What is the value of 67 - (-51 - (92 + -161))?
49
Evaluate 51 + (-66 - -64 - 9).
40
Calculate (-7 - ((-8 - -19) + 2)) + 14 + 0.
-6
287 + -392 - (-16 + -133)
44
What is 26 + -15 + -12 - (3 - (85 + -9))?
72
Calculate (-15 - -10) + 86 + -14 + -19.
48
-36 - 2 - (55 - (-133 + 176))
-50
Evaluate -97 + (-3 - -15 - 10) + -7 + 9.
-93
Evaluate -36 - ((-6 - 81) + 32 + 34).
-15
-33 - -1 - (-77 - (186 - 182))
49
Evaluate 20 + -12 + -1 + -9 + -83 - (-115 + 111).
-81
What is the value of 23 + -51 - (141 + -139)?
-30
What is the value of 71 + -7 + -2 + -8 + -5?
49
What is -3 + 2 - (-9 - ((-15 - 2) + -2)) - -135?
124
What is the value of -3 + -4 + (-42 - (-3 + 17)) + (3 - -6)?
-54
Calculate -21 - (-132 + 139 + -24).
-4
Calculate -285 + 281 + (13 - 13).
-4
What is the value of (-198 - -31 - -137) + (42 - -1)?
13
What is (-234 + 124 - -133 - (-1 + -14)) + (-10 - -1)?
29
4 - (-15 - (19 - 5))
33
What is the value of 17 - (-18 - 13 - -12) - (-6 + 0)?
42
What is (13 + 0 - (-105 - (-34 - 73))) + -4 + -14?
-7
13 + (6 - 0) - (43 + -44 + 12)
8
What is the value of (10 + 1 - 5 - -12) + (-2 - 99)?
-83
What is the value of -50 + (2 - (-102 + -8))?
62
Calculate (-119 - (-127 - 3)) + -3 + 3 + 95 + 1.
107
What is 11 + (-44 - -23 - (-2 - (0 + -11 + 22)))?
3
(-1 - (-1 + (14 - 22))) + -13
-5
Evaluate 21 + (-5 - (-4 + 13)) + -23.
-16
((51 - 34) + (11 - -3) - 1) + 17
47
Calculate -8 - (-23 + 3 + (15 - 10) + (-10 - -2)).
15
-2 - ((5 - (3 + 15)) + -6)
17
What is the value of 3 + 39 + -47 + -87 - (-1 - 1)?
-90
-42 - ((-20 - -30) + -70)
18
Evaluate -12 + -18 + (-39 - -74).
5
What is the value of 94 + (30 - (26 + 49)) + 26?
75
What is -11 - (-1 - 1 - -3) - (-419 + 285 - -167)?
-45
Calculate -14 + (11 - 5) + 21 + 16.
29
Calculate (1 - (-9 + 28)) + (11 + -3 - -12).
2
Calculate 1 - (2 + 55) - (-8037 - -8027).
-46
What is the value of -13 + (7 + -17 - -10) + 29 - 6 - 70?
-60
What is the value of 0 - (-8 + 11 + (4 - 5) + -93 + 40)?
51
Calculate (-53 + 65 - (5 + -4 + -31)) + -12.
30
Calculate 0 + (-2 + 0 - -3) + (71 - 76) + -35.
-39
(-22 - 21 - 52) + 153
58
Calculate ((-48 - -39) + 13 - (-1 - (0 - -2))) + -19.
-12
What is -62 + 60 + (-2 + -1 - (-5 - -9))?
-9
Calculate -7 - (-53 + 0 + 11 + (34 - 82) + 43).
40
57 - 10 - 24 - (48 - 34)
9
3 - -2 - (-1 + -4) - (3 + 13 + -19)
13
(-1 - 1 - -11) + -17256 + 17160
-87
-6 - (-1 - 5) - (-6 + 14 + -22 - -103)
-89
Calculate (42 - 7) + (1 - -20 - -3).
59
-2 + -32 + 19 + (0 - -41)
26
Calculate 50 + -87 - (-14 - (2 - 0)).
-21
Calculate 22 - (31 - (29 - (-20 + 28))).
12
5 + -3 + 8 + (9 - (-3 - (-3 - -2)))
21
Calculate 13 - (-17 + 3) - 14 - 4 - (-4 + -54).
67
74 + ((18 - 22) + (-7 - 1) - (132 + -136))
66
Evaluate -1676 + 1714 + 54 + (-7 - -4).
89
What is 33 - (-4 - -56 - 23)?
4
(-4 - (-7 - -9)) + 12 - -7
13
Evaluate -29 - 55 - ((-2 - -24) + -10).
-96
10 - (-2 + 7 + -3 + -4 + 2 + -11)
21
What is 31 - (12 - (2 + -1) - 8) - (0 + -3)?
31
What is -9 - (-9 + 3 - (9 - (-16 - -15)))?
7
What is ((-8 - 8) + 13 - -11) + 5 - -14?
27
Calculate 2 + 1 - (-47 - (-32 + 1) - 5).
24
Calculate -1 + 25 - (12925 + -12828).
-73
Evaluate (-41 + -4 + -12 - -22) + 67.
32
What is the value of -41 - (-30 - -99 - 32)?
-78
Evaluate -2 + (2 - (8 + 2)) + 0 - (11931 - 11931).
-10
Evaluate (-32 - -60 - 28) + -24.
-24
Calculate 106 - (27 - (12 + -6)) - 10.
75
Calculate -2763 + 2777 + (-25 - -2).
-9
What is the value of 74 + 52 + -17 + 7 + -25?
91
What is the value of (8 + -1 - (-61 - -77)) + 13 + 15 + -9?
10
What is the value of (439 - 469) + (1 - 11) - (-30 - -10)?
-20
Calculate -141 + 